**2 + 2*k + 1. What is q(-3)?
-50
Let w(q) = -11*q - 41. Give w(-6).
25
Let y(t) = t**2 + t - 13. Determine y(-8).
43
Let i(q) = q**3 + 10*q**2 + 10*q - 16. Give i(-9).
-25
Let i(m) = -2*m**3 - 14*m**2 - 3*m + 1. What is i(-7)?
22
Let v(p) = -p**3 - 8*p**2 - 3*p + 30. Give v(-7).
2
Let h(d) = -d - 6. Give h(-9).
3
Let a(u) = u**3 + 15*u**2 - 14*u + 32. Determine a(-16).
0
Let n(v) = v**2 - 8*v - 35. Determine n(-4).
13
Let r(s) = 3*s - 3. Give r(4).
9
Let h(m) = -m**2 - 10*m + 10. Give h(-12).
-14
Let z(b) = -4*b**2 + 146*b - 81. Determine z(36).
-9
Let w(s) = -s**2 - 18*s - 14. Calculate w(-12).
58
Let x(w) = 6*w + 35. What is x(-7)?
-7
Let r(q) = -q**2 + q - 5. Determine r(0).
-5
Let s(r) = -r**3 + 9*r**2 + 4*r - 6. Calculate s(9).
30
Let y(j) = j**2 - 12*j - 32. Determine y(14).
-4
Let l(j) = -j**2 - 9*j - 8. Calculate l(-6).
10
Let m(i) = i**2 - 14*i - 33. What is m(-4)?
39
Let d(k) = -k**3 - 12*k**2 - 4*k. What is d(-11)?
-77
Let m(f) = f**3 - 4*f**2 + 6*f - 7. Determine m(3).
2
Let h(s) = -s**3 - 20*s**2 + 20*s - 10. Give h(-21).
11
Let f(j) = j**3 - 28*j**2 - 167*j + 68. Calculate f(33).
2
Let v(f) = -f**3 + 9*f**2 - 18*f - 9. Calculate v(5).
1
Let p(w) = w**2 - 27*w + 69. Determine p(3).
-3
Let h(k) = 12*k - 83. Give h(8).
13
Let i(d) = -d**3 + 61*d**2 + 5*d - 331. Give i(61).
-26
Let o(z) = 18*z**3. Calculate o(1).
18
Let o(q) = q**3 - 14*q**2 + 9. Determine o(14).
9
Let x(g) = -6*g**2 - 2*g + 3. Determine x(2).
-25
Let h(v) = -v**2 - 10*v + 19. What is h(-11)?
8
Let r(a) = -24*a - 14. Determine r(-4).
82
Let o(g) = -g**2 - 39*g - 106. Determine o(-36).
2
Let g(u) = -u**2 - 23*u - 5. Give g(-23).
-5
Let n(i) = i**3 - 2*i + 2. Give n(-2).
-2
Let d(i) = -7*i - 668. Calculate d(-96).
4
Let h(m) = m**3 + 21*m**2 + m - 19. Determine h(-21).
-40
Let v(z) = z**3 + 2*z**2 - 15*z + 3. Calculate v(3).
3
Let z(b) = 15*b - 204. What is z(14)?
6
Let v(t) = -2*t - 1. Give v(-4).
7
Let g(z) = 27*z - 3. Give g(-2).
-57
Let d(g) = g - 46. Calculate d(48).
2
Let r(v) = -v - 45. Give r(5).
-50
Let b(z) = 14*z - 22. Give b(3).
20
Let a(o) = 6*o + 15. Calculate a(3).
33
Let n(d) = -16*d**2 - d. What is n(1)?
-17
Let s(t) = -t**2 + 7*t + 11. Calculate s(6).
17
Let n(v) = -v**3 - 14*v**2 - 4*v - 4. Calculate n(-14).
52
Let p(g) = 2*g**3 - 13*g**2 - 13*g + 32. Give p(7).
-10
Let t(s) = -s**3 - 9*s**2 - 2*s - 3. Determine t(-8).
-51
Let u(b) = -b + 43. Determine u(13).
30
Let a(i) = -i**2 + 10*i - 15. Give a(6).
9
Let p(b) = b**2 - 7*b - 13. What is p(-7)?
85
Let z(u) = -3*u - 7. Give z(12).
-43
Let o(b) = -b**2 + b + 13. Give o(-3).
1
Let x(k) = k**2 - 10*k + 8. What is x(4)?
-16
Let f(q) = q**3 + q**2 - 6*q - 1. Give f(-3).
-1
Let j(u) = -u**3 - 30*u**2 - 81*u - 9. Calculate j(-27).
-9
Let y(i) = 5*i + 3. Determine y(-4).
-17
Let f(w) = 3*w + 1. Give f(-2).
-5
Let a(l) = -l**3 - 3*l**2 - 7*l - 11. Determine a(-4).
33
Let i(f) = f**3 + 14*f**2 - 16*f. Calculate i(-15).
15
Let a(u) = u**3 + 15*u**2 - 2*u - 27. What is a(-15)?
3
Let j(c) = 10*c**2 + 4*c - 1. Determine j(-5).
229
Let u(v) = -v**2 - 17*v - 67. Calculate u(-11).
-1
Let j(p) = -8*p + 106. Give j(18).
-38
Let i(a) = -a**3 + 9*a**2 - 4*a + 6. Determine i(9).
-30
Let f(p) = -p**2 + 1. Give f(-7).
-48
Let m(t) = t**3 - 41*t**2 - 44*t + 85. Give m(42).
1
Let z(p) = 3*p - 1. What is z(3)?
8
Let d(o) = 7*o + 10. Determine d(-8).
-46
Let m(p) = -p**2 - 17*p + 4. Give m(-18).
-14
Let t(n) = 42*n + 1379. What is t(-33)?
-7
Let v(m) = 9*m - 7. Calculate v(4).
29
Let g(x) = -x - 5. What is g(0)?
-5
Let p(l) = -12*l - 8. Calculate p(3).
-44
Let r(t) = t**2 - 19*t + 34. What is r(17)?
0
Let o(h) = 6*h + 3. Determine o(1).
9
Let m(b) = -b**3 + 46*b**2 + 5*b - 232. What is m(46)?
-2
Let k(f) = -12*f - 124. Give k(-11).
8
Let r(v) = 7*v. Give r(-4).
-28
Let p(v) = -v**3 + 2*v**2 + 5*v - 6. What is p(4)?
-18
Let x(j) = 2*j**2 + 2*j + 4. Determine x(0).
4
Let m(h) = 11*h**3 + 2*h**2 - 2*h - 1. Determine m(1).
10
Let k(g) = -27*g**2 - g - 1. Calculate k(1).
-29
Let m(h) = h**2 + 19*h + 42. Calculate m(-17).
8
Let h(z) = 5*z - 1. What is h(-9)?
-46
Let k(w) = 89*w + 1598. Determine k(-18).
-4
Let g(n) = n**2 - 9*n + 19. Give g(14).
89
Let l(m) = 2*m**3 + 2*m**2 + 2*m + 3. What is l(-2)?
-9
Let s(l) = -l**2 - l + 3. Give s(0).
3
Let x(a) = 9*a + 22. What is x(4)?
58
Let r(f) = -4*f**2 + 6*f + 5. Calculate r(4).
-35
Let h(j) = -j**3 + 5*j**2 + 12*j + 14. What is h(7)?
0
Let x(v) = 48*v**3 + v**2 - v + 1. What is x(1)?
49
Let g(t) = -11*t + 200. What is g(18)?
2
Let q(h) = h**3 - 5*h**2 + h + 3. Calculate q(2).
-7
Let k(o) = -o**3 - 2*o**2 - 2*o - 3. What is k(0)?
-3
Let m(u) = u**3 + 8*u**2 + 6*u + 2. What is m(-7)?
9
Let z(b) = -b**2 + 5*b + 10. Determine z(6).
4
Let d(j) = j**3 - 5*j**2 - 10*j - 5. Calculate d(6).
-29
Let o(n) = -11*n - 9. Determine o(-5).
46
Let p(o) = 8*o - 19. Determine p(-9).
-91
Let j(n) = 2*n - 13. Determine j(6).
-1
Let w(n) = n**2 + 4. Calculate w(0).
4
Let h(x) = -11*x + 6. What is h(4)?
-38
Let x(u) = u**2 - 17*u + 50. Give x(13).
-2
Let v(b) = b + 52. Give v(0).
52
Let q(f) = 3*f + 12. Give q(2).
18
Let x(o) = -7*o + 33. Give x(5).
-2
Let s(i) = i**3 - 5*i**2 - 15*i + 13. Calculate s(7).
6
Let c(u) = u**2 - 18*u + 5. Give c(7).
-72
Let d(p) = 7*p + 46. Determine d(-10).
-24
Let l(s) = -2*s + 4. Determine l(-2).
8
Let s(j) = -16*j - 117. Calculate s(-6).
-21
Let l(u) = -u**2 + 12*u - 31. Give l(8).
1
Let w(r) = -2*r**2 - 29*r + 4. What is w(-15)?
-11
Let z(j) = 4*j - 9. Calculate z(6).
15
Let t(v) = 5*v + 139. Determine t(-29).
-6
Let n(s) = 2*s**2 + 2*s + 8. Calculate n(-4).
32
Let u(l) = -l**2 + 2. What is u(6)?
-34
Let i(w) = w**3 + 15*w**2 + 42*w - 20. What is i(-11)?
2
Let y(w) = -w**2 + 8*w - 15. Give y(11).
-48
Let n(a) = -a**3 + 2*a**2 - 1. Determine n(1).
0
Let n(r) = -18*r**3 - r + 2. Give n(2).
-144
Let i(z) = -z**2 - 17*z + 108. Calculate i(5).
-2
Let t(v) = -30*v**3 + v**2 - 2. Calculate t(1).
-31
Let m(z) = 21*z + 2. What is m(0)?
2
Let x(f) = f**2 - 24*f - 6. Give x(24).
-6
Let g(z) = -z**3 + 6*z**2 + 3*z - 4. Calculate g(5).
36
Let k(o) = -o**3 - 5*o**2 - 5*o - 1. Give k(-4).
3
Let q(t) = -2*t + 16. Calculate q(6).
4
Let u(y) = 2*y - 5. Determine u(9).
13
Let c(q) = q - 40. Give c(17).
-23
Let c(h) = -3*h**2 - 8*h. Give c(-7).
-91
Let p(r) = r + 4. Determine p(5).
9
Let g(r) = -4*r - 12. Give g(-7).
16
Let w(k) = k**3 + 6*k**2 - 10*k + 6. Determine w(-8).
-42
Let m(l) = 5*l + 58. Calculate m(-27).
-77
Let o(f) = -f**3 - 32*f**2 - 30*f + 40. Give o(-31).
9
Let o(u) = -u**2 + 46*u - 48. Determine o(45).
-3
Let x(p) = -p**3 - 7*p**2 + 6*p - 7. Determine x(-8).
9
Let x(n) = -n**2 + 11*n + 32. Give x(13).
6
Let v(k) = -53*k**3 + 2*k**2 + 3*k. Determine v(-1).
52
Let q(c) = 14*c**3 + 3*c**2 - 4*c - 5. Determine q(-1).
-12
Let s(k) = 5*k - 4. Give s(-1).
-9
Let h(z) = z**3 - 5*z**2 + 11*z - 3. What is h(3)?
12
Let k(y) = y**3 - 4*y**2 + y - 3. What is k(3)?
-9
Let u(o) = -7*o - 12. What is u(9)?
-75
Let k(q) = q**3 - 14*q**2 - 19*q + 20. Determine k(15).
-40
Let f(h) = -h**3 - 4*h**2 + 6*h + 20. Determine f(-6).
56
Let d(r) = r**2 - 12*r + 13. What is d(8)?
-19
Let a(y) = y**3 - 5*y**2 + y - 6. Determine a(5).
-1
Let m(b) = -13*b**2 - 236*b - 24. Calculate m(-18).
12
Let i(w) = w**2 - 10*w - 5. Give i(8).
-21
Let h(k) = 70*k**3 - k**2 + 3*k + 2. Give h(-1).
-72
Let y(w) = 2*w**3 + 18*w**2 + 6*w + 10. Determine y(-9).
-44
Let o(w) = w**3 - 11*w**2 + 10*w + 14. Give o(9).
-58
Let k(t) = -t**3 + 8*t - 4. Determine k(-3).
-1
Let o(s) = 12*s - 7. Give o(-5).
-67
Let p(d) = -14*d - 1. Determine p(1).
-15
Let q(v) = -2*v**3 - 7*v**2 - 4*v - 6. Calculate q(-3).
-3
Let a(l) = 13*l + 4. What is a(2)?
30
Let q(t) = -t**3 - 4*t**2 - 2*t - 5. What is q(-4)?
3
Let x(q) = 2*q**2 + 23*q - 17. What is x(-12)?
-5
Let b(u) = u**2 + 18*u - 19. Calculate b(-19).
0
Let o(b) = -9*b**2 - 52*b + 12. Give o(-6).
0
Let k(y) = y**2 - 11. Calculate k(0).
-11
Let i(p) = -2*p**2 + 26*p - 22. What is i(11)?
22
Let c(p) = p**2 + 7*p - 9. Determine c(-6).
-15
Let o(h) = h**3 + 3*h**2 - 3. Determine o(2).
17
Let g(h) = h**3 + 6*h**2 - 7*h - 15. Determine g(-6).
27
Let g(f) = f**2 - 4*f - 44. Determine g(9).
1
Let d(f) = 2*f**2 - 9*f - 61. Determine d(8).
-5
Let l(z) = z**3 + 4*z**2 - 13*z - 46. Give l(-4).
6
Let